
What is the tens digit of 57401937?
3
What is the ten thousands digit of 337368818?
6
What is the hundreds digit of 120912861?
8
What is the millions digit of 66973284?
6
What is the thousands digit of 405269616?
9
What is the thousands digit of 5128590251?
0
What is the units digit of 594993410?
0
What is the ten thousands digit of 497063125?
6
What is the millions digit of 1550134131?
0
What is the thousands digit of 3380427625?
7
What is the units digit of 994005920?
0
What is the millions digit of 57643542?
7
What is the hundred thousands digit of 6114596733?
5
What is the units digit of 304029697?
7
What is the ten millions digit of 1387106289?
8
What is the millions digit of 4337865855?
7
What is the tens digit of 17592792?
9
What is the ten millions digit of 87064364?
8
What is the hundred thousands digit of 6490339741?
3
What is the hundreds digit of 2534153316?
3
What is the millions digit of 297580531?
7
What is the hundreds digit of 100932674?
6
What is the thousands digit of 5659843?
9
What is the hundred thousands digit of 229197312?
1
What is the ten thousands digit of 3055751499?
5
What is the thousands digit of 57431956?
1
What is the ten thousands digit of 2052920799?
2
What is the hundred thousands digit of 1240450420?
4
What is the units digit of 25256635?
5
What is the ten thousands digit of 174647266?
4
What is the hundred thousands digit of 2215738?
2
What is the hundred millions digit of 509287268?
5
What is the ten millions digit of 27253269?
2
What is the units digit of 1941779094?
4
What is the ten thousands digit of 1098326037?
2
What is the ten thousands digit of 4706288526?
8
What is the units digit of 2466359539?
9
What is the units digit of 606883742?
2
What is the hundreds digit of 200165022?
0
What is the hundred millions digit of 2795400910?
7
What is the hundred thousands digit of 29020648?
0
What is the thousands digit of 62085901?
5
What is the millions digit of 2711353699?
1
What is the ten thousands digit of 2510144035?
4
What is the millions digit of 64107934?
4
What is the hundreds digit of 8036459400?
4
What is the hundred millions digit of 1273701935?
2
What is the hundred thousands digit of 870184318?
1
What is the hundred thousands digit of 86202061?
2
What is the tens digit of 153808111?
1
What is the thousands digit of 22875138?
5
What is the units digit of 168654294?
4
What is the units digit of 90892202?
2
What is the thousands digit of 87104469?
4
What is the hundred thousands digit of 197324351?
3
What is the hundred thousands digit of 14210707?
2
What is the tens digit of 313731115?
1
What is the ten thousands digit of 1226151361?
5
What is the units digit of 684311?
1
What is the tens digit of 16471407?
0
What is the hundred thousands digit of 38498754?
4
What is the ten millions digit of 5425055083?
2
What is the units digit of 774781048?
8
What is the thousands digit of 4343832185?
2
What is the tens digit of 167169152?
5
What is the tens digit of 273507598?
9
What is the millions digit of 823577018?
3
What is the millions digit of 862522200?
2
What is the ten millions digit of 48522547?
4
What is the units digit of 13427406?
6
What is the hundreds digit of 329741475?
4
What is the hundred millions digit of 219154005?
2
What is the hundred thousands digit of 55338783?
3
What is the hundreds digit of 4529431574?
5
What is the millions digit of 2195026420?
5
What is the units digit of 79521634?
4
What is the tens digit of 2398700649?
4
What is the tens digit of 780264069?
6
What is the hundred millions digit of 5093628506?
0
What is the ten thousands digit of 2398205452?
0
What is the units digit of 3785611132?
2
What is the ten millions digit of 755597687?
5
What is the hundreds digit of 89387725?
7
What is the units digit of 451675822?
2
What is the thousands digit of 127149104?
9
What is the hundreds digit of 293816364?
3
What is the units digit of 849039281?
1
What is the hundred thousands digit of 2262028557?
0
What is the ten thousands digit of 329776275?
7
What is the millions digit of 961707426?
1
What is the billions digit of 3064891167?
3
What is the hundred millions digit of 202029622?
2
What is the ten millions digit of 3850087631?
5
What is the hundred thousands digit of 817757301?
7
What is the hundreds digit of 5846172525?
5
What is the hundred millions digit of 180725464?
1
What is the hundred thousands digit of 1859229379?
2
What is the hundreds digit of 43526414?
4
What is the ten thousands digit of 1305909968?
0
What is the hundreds digit of 17385418?
4
What is the hundreds digit of 120494270?
2
What is the ten thousands digit of 4870515482?
1
What is the hundred millions digit of 1423380236?
4
What is the ten millions digit of 70577815?
7
What is the hundred thousands digit of 22857769?
8
What is the hundred millions digit of 1257321978?
2
What is the hundred thousands digit of 26599249?
5
What is the units digit of 36949246?
6
What is the billions digit of 1389882841?
1
What is the hundreds digit of 220807290?
2
What is the hundred thousands digit of 2595897292?
8
What is the hundred thousands digit of 1498936394?
9
What is the units digit of 34718533?
3
What is the millions digit of 27894033?
7
What is the hundred millions digit of 174919313?
1
What is the millions digit of 1112277173?
2
What is the tens digit of 10683524?
2
What is the units digit of 196332689?
9
What is the hundred thousands digit of 44675193?
6
What is the ten thousands digit of 86635030?
3
What is the units digit of 581160445?
5
What is the millions digit of 9741912?
9
What is the millions digit of 278528133?
8
What is the thousands digit of 5311472?
1
What is the thousands digit of 607704479?
4
What is the hundreds digit of 444886628?
6
What is the hundred millions digit of 1085335520?
0
What is the billions digit of 1811541337?
1
What is the thousands digit of 35705984?
5
What is the hundreds digit of 278927097?
0
What is the hundred thousands digit of 108340913?
3
What is the billions digit of 3771259172?
3
What is the hundred millions digit of 720388082?
7
What is the tens digit of 466072021?
2
What is the ten thousands digit of 210895693?
9
What is the millions digit of 8082688815?
2
What is the thousands digit of 3077625708?
5
What is the billions digit of 4299612066?
4
What is the ten millions digit of 206489762?
0
What is the tens digit of 3924890961?
6
What is the hundreds digit of 85411820?
8
What is the tens digit of 2003491581?
8
What is the ten millions digit of 1904116798?
0
What is the ten thousands digit of 528664483?
6
What is the tens digit of 150848498?
9
What is the thousands digit of 735110567?
0
What is the ten thousands digit of 1865107616?
0
What is the hundreds digit of 180841968?
9
What is the units digit of 4183175581?
1
What is the thousands digit of 351221624?
1
What is the hundred thousands digit of 2253067568?
0
What is the ten thousands digit of 50462737?
6
What is the ten thousands digit of 200584253?
8
What is the millions digit of 176181093?
6
What is the ten thousands digit of 1541501673?
0
What is the units digit of 6458535?
5
What is the ten thousands digit of 150278800?
7
What is the hundreds digit of 105649821?
8
What is the hundred thousands digit of 55659303?
6
What is the ten millions digit of 52519916?
5
What is the millions digit of 160961035?
0
What is the thousands digit of 43137117?
7
What is the ten thousands digit of 112651854?
5
What is the ten millions digit of 40649616?
4
What is the hundred thousands digit of 65118336?
1
What is the hundred thousands digit of 8423152686?
1
What is the ten thousands digit of 882239317?
3
What is the thousands digit of 6328337274?
7
What is the ten thousands digit of 617784172?
8
What is the ten millions digit of 5725225219?
2
What is the tens digit of 34054489?
8
What is the ten millions digit of 4261026759?
6
What is the hundred millions digit of 357410519?
3
What is the hundred thousands digit of 40656746?
6
What is the tens digit of 150437643?
4
What is the hundreds digit of 34659088?
0
What is the millions digit of 67208995?
7
What is the tens digit of 2133093119?
1
What is the millions digit of 6663861?
6
What is the hundred thousands digit of 413872909?
8
What is the hundred thousands digit of 31853757